s the units digit of (-2 + (7 - d))*50?
0
Suppose -a = -4*a + 225. Suppose -h - 14 = -a. What is the tens digit of h?
6
Let d be 7 + -13 + 6/2. Let y be (-2 - d) + (2 - 2). What is the units digit of y/(-2 + 3) + 4?
5
Let f = 14 - -617. What is the units digit of f?
1
Let q(w) = -17*w - 14. Let c be q(-6). Let b = 140 - c. What is the tens digit of b?
5
Let b(f) = 4*f + 1. Let z be b(-8). Let m = -27 - z. Suppose 74 = 3*u - m*s, 5*s + 61 + 54 = 5*u. What is the units digit of u?
8
Let q(j) = -2*j**2 + 6*j. Let a be q(4). Let b be a/(-4) + -1 + 2. What is the units digit of ((-2)/b)/((-2)/75)?
5
Suppose 5*z - 24 = 2*h, 3*z - 2*h - 2*h = 20. Suppose 156 = z*m - 132. What is the units digit of m?
2
Let r = -43 - -75. Suppose 147 = -5*f + r. Let q = f - -34. What is the tens digit of q?
1
Let s(r) = -17*r**3 - 2*r + 0 - 4*r**3 + 2 - 4. Let i be s(-2). Suppose 5 = 5*q - i. What is the tens digit of q?
3
Suppose -350 = 3*j - 74. Let f = 158 + j. What is the tens digit of f?
6
Let t = -38 + -131. Let w = 254 + t. What is the units digit of w?
5
Suppose -1418 = -3*s - 4*a, 2*a = 3*s + 115 - 1539. What is the tens digit of s?
7
Let f(d) = -d + 6. Let t = 10 - 7. Let r be f(t). Suppose 5*l = 2*k - 15, 0 = -2*k + 2*l - r*l + 33. What is the units digit of k?
5
Suppose 4*x = 9*x + 355. Let b = x - -147. Let z = -53 + b. What is the tens digit of z?
2
Suppose 537464 = 55*t + 37*t. What is the units digit of t?
2
Let f = -7 + 4. Let h be (f + 1 - -1)*-3. Suppose 2*u = -2*o + 42, -h*o = -2*o. What is the units digit of u?
1
What is the tens digit of -31*(-15)/(90/156)?
0
Let u(q) = -q**2 - 12*q + 18. Let a be u(-14). Let n be 182/(-10) - 2/a. What is the tens digit of (n/(-8))/((-16)/(-320))?
4
Suppose u = -j + 2096, 3*j - 8389 = -15*u + 11*u. What is the units digit of u?
1
Let y be (3 + 0)/(3/(-9)). Let g(s) = -s**3 - 9*s**2 + 7*s - 6. Let t be g(y). What is the units digit of -2*(-4)/((-24)/t)?
3
Let p(r) be the third derivative of -r**5/60 + 2*r**4/3 + 7*r**3/6 - 2*r**2 + 38*r. Suppose -v + 13 = 2*t + 1, -5*t - 5 = 0. What is the units digit of p(v)?
5
Suppose -5*h + 10 = 0, 4*h - 2*h - 2208 = 4*y. Let i = -340 - y. What is the tens digit of i?
1
Let k be (7/((-21)/(-78)))/2. Let t = 13 - k. Suppose t = -5*g + 62 + 88. What is the units digit of g?
0
Let v(p) = 20*p + 3. Let c(s) = 759*s + 115. Let z(x) = -3*c(x) + 115*v(x). Suppose -4*m = -6 + 2. What is the tens digit of z(m)?
2
Suppose -2*y = -j + y + 12, -12 = -3*j - 3*y. Suppose -9 = -3*i, -p - i = -4*i - j. What is the tens digit of p?
1
Suppose 0 = 4*b - 9*b - 260. Let u = b + 147. What is the tens digit of u?
9
Suppose 4*f - 16 = 0, -3*w + 0*f + 2 = -f. Let p = -24 + 51. Suppose 0 = -3*r + w*y + 116 - p, 2*y + 143 = 5*r. What is the units digit of r?
7
Suppose 2*y + 16 = 2*k - 0*k, k = 5*y + 20. Suppose 2*j - 88 + 30 = 5*v, 0 = 2*v - k*j + 19. Let t = -9 - v. What is the units digit of t?
3
Suppose -2*u - 4*c + 2 = -12, 0 = 3*u - 4*c - 61. Let m be 6/9 + 410/u. Let l = m - -21. What is the tens digit of l?
4
Suppose -3*c + 7*n = 5*n - 30, 6 = 2*n. Let p be 62/8 - (-1)/4. Let k = c - p. What is the units digit of k?
4
Let d be (-10)/(-6) - 2/(-6). Suppose 4*b - 3*z = 2*b - 11, d*b - 4*z = -14. What is the units digit of (-5)/(20/(-164)) + b?
0
Let q(d) = 7*d**3 - 11*d**2 + 27*d - 7. What is the hundreds digit of q(4)?
3
Let o = 15 - 13. Suppose q + 5*s = -o*q - 25, 4*q - 4*s - 20 = 0. Suppose 2*n - 81 = p - q*p, 174 = 4*n + 2*p. What is the units digit of n?
2
Let r(n) = 450*n**2 - 2*n + 4. What is the hundreds digit of r(1)?
4
Suppose 0*y + 40 = -4*y + 3*f, -6 = 2*y + 2*f. Let b = -12 + y. Let j = -14 - b. What is the units digit of j?
5
Suppose s - 139 = 774. What is the tens digit of s?
1
Let c be 588/(-4 - 0)*-1. Let y = c + -59. What is the units digit of y?
8
Suppose -2568 = -d - 3*d. What is the tens digit of d?
4
Let c be 10/25 - (-194)/(-10). Let j = c - -19. Let t = 14 - j. What is the units digit of t?
4
Let d = 243 - -282. What is the tens digit of d?
2
Let k be 4 - ((-33)/22)/((-3)/(-188)). Suppose -5*o = -42 - k. What is the units digit of o?
8
Suppose 10965 = -23*h + 66*h. What is the tens digit of h?
5
Let i be -3 + -3*26/(-6). Let h = i - 5. Let o(w) = -w**3 + 5*w**2 + 3*w + 3. What is the tens digit of o(h)?
1
Let s = -1 - -4. Suppose 2*r - 7 = s. Suppose -r*n = -0*n - 75. What is the units digit of n?
5
Let i(m) be the third derivative of -3*m**4/8 - 5*m**3/6 + 8*m**2. Let w be i(-5). Let y = w - 21. What is the units digit of y?
9
Let a = -6 + 19. Let u = -11 + a. Suppose -h + 21 = u*h. What is the units digit of h?
7
Let t = 24 + -11. Let u = 7 - t. What is the units digit of 7/21 - 148/u?
5
Let y(o) = o**3 + 20*o**2 + 14*o + 14. What is the tens digit of y(-18)?
1
What is the units digit of (7 - 335/45) + (-13745)/(-45)?
5
Suppose -2*l + 20 = -a, -2*l + 30 = l + 5*a. Let j be 152/l + (-14)/70. Suppose 83 = 2*t + j. What is the units digit of t?
4
Let v(y) = 26*y - 131. What is the units digit of v(15)?
9
What is the hundreds digit of 2*(-64 - 9/(-3))*-1?
1
Suppose 13*u - 1431 = 376. Suppose -d = u - 443. What is the units digit of d?
4
Let k(m) = 103*m - 42. What is the units digit of k(8)?
2
Let z(i) = 0*i + i - 2*i - 3*i. Let n = -6 + 4. What is the units digit of z(n)?
8
Let a = -52 - -87. Let l = a - -11. What is the tens digit of l?
4
Let r(u) = 18*u + 2. Suppose -3*c + 2*f = -22, -2*f + 0*f = 3*c - 2. Suppose -c*v = 1 - 9. What is the units digit of r(v)?
8
Let g(i) = 2*i**2 - 4*i + 3. Let a be g(-4). Suppose -7*y + 8*y = a. What is the tens digit of y?
5
Suppose 8 = -3*i + i. Let r(w) = 14 + 0*w**2 + 2*w**2 - 10. What is the tens digit of r(i)?
3
Suppose -n - 56 = 3*n. Let z = 0 - 22. What is the tens digit of (n/4 + 3)*z?
1
Let g = -83 + 86. Suppose -5*n + 160 = 2*d, g*d - 2*d - 128 = -4*n. What is the tens digit of n?
3
Let a be (-8)/(-5) + (-8)/(-20). Let c(s) = s + 1. Let b(r) = -2*r. Let j(w) = -b(w) + c(w). What is the units digit of j(a)?
7
Suppose -6429 = -67*j + 64*j. What is the thousands digit of j?
2
Suppose -r - 4*r = 10. Let a(t) = 6*t**2 + 2*t + 1. Let h be a(r). Let d = h + -5. What is the units digit of d?
6
Let k = 2198 + -1565. Suppose -327 = -5*v + k. What is the tens digit of v?
9
Suppose 3672 + 7584 = 8*d. What is the tens digit of d?
0
Let t = 763 - 358. What is the units digit of t?
5
Let y(z) = -z**2 + 6*z + 15. Let a = 10 - -1. Let d be y(a). What is the units digit of d/(-3)*(-12)/(-5)?
2
Let b(u) = 23*u + 320. What is the tens digit of b(-8)?
3
Suppose 2*a = -a + 63. Let g be (a + -1)/((-2)/(-1)). Suppose 3*s - 5*d - 70 = -g*d, 5*s - 4*d - 129 = 0. What is the tens digit of s?
2
Suppose 2*d = 7*d - 2195. What is the units digit of d?
9
Let j be 4 + -6 + (2 - 0). Suppose j = 2*v - 10*v + 504. What is the units digit of v?
3
Let f be (-3)/(-1*(-4)/(-12)). Suppose f + 9 = 3*y. What is the units digit of 57 + -7 + y/2?
3
Let r be -3 - 14*(-3 - (-5)/2). Suppose r*g - 120 = 116. What is the tens digit of g?
5
What is the tens digit of (-3)/(-2 + 5)*-413?
1
Suppose -b = -4*k + 508, 2*k + 3*k - 638 = 2*b. Suppose 5*u - k + 36 = 0. What is the units digit of u?
8
Let j(d) = 5*d + 66. Let p be j(-16). Let r(b) = b**3 + 14*b**2 - 4*b + 42. What is the units digit of r(p)?
8
Let a(i) = -i**2 + 15*i - 1. Let w(h) = h**2 - 12*h - 20. Let b be w(14). What is the tens digit of a(b)?
5
Suppose -l - 3 - 22 = 0. Let t(s) = -2*s + 27. Let f be t(12). What is the units digit of 2/(f - l/(-9))?
9
Let g(i) = 490*i**3 + i**2 - 1. Let h be g(-1). What is the units digit of h/(-6) - 1/(-3)?
2
Let b = 8 + -6. Let c be b/7 - 745/35. What is the units digit of (-42)/(-4)*(-36)/c?
8
Let b(q) = q**3 - 16*q**2 + 4. Let i be b(16). Suppose -449 = -i*u + 71. What is the units digit of u?
0
Let j(p) = -125*p**3 - p**2. Let v be j(-1). Suppose -3*a + 5*x - v = 537, -4*a + 2*x = 872. What is the units digit of a/14*2*-1?
1
Suppose -y + 2*c + 1 = -6, 0 = 2*y - 3*c - 13. Suppose -n - 5*l - 1 = 1, -30 = -y*n - 5*l. What is the units digit of (-156)/(-10) - n/(-20)?
6
Suppose k = -2*g - 4*k + 28, 5*g - 5*k = 0. Let i be (-34)/2*(g + -8). Let w = 97 - i. What is the tens digit of w?
2
Let l(a) = -904*a**3 - 2*a**2 - 3*a - 1. What is the tens digit of l(-1)?
0
Suppose 4*f + 4126